{"id":255,"date":"2018-05-08T14:05:57","date_gmt":"2018-05-08T14:05:57","guid":{"rendered":"https:\/\/lovisa-paysagiste-macon.fr\/?page_id=255"},"modified":"2018-08-28T08:04:56","modified_gmt":"2018-08-28T08:04:56","slug":"paysagiste-vergisson","status":"publish","type":"page","link":"https:\/\/lovisa-paysagiste-macon.fr\/index.php\/paysagiste-vergisson\/","title":{"rendered":"Paysagiste Vergisson"},"content":{"rendered":"<figure id=\"attachment_256\" aria-describedby=\"caption-attachment-256\" style=\"width: 300px\" class=\"wp-caption alignnone\"><img loading=\"lazy\" decoding=\"async\" class=\"wp-image-256 size-medium\" title=\"paysagiste vergisson \" src=\"https:\/\/lovisa-paysagiste-macon.fr\/wp-content\/uploads\/2018\/05\/P1640619-300x200.jpg\" alt=\"paysagiste vergisson\" width=\"300\" height=\"200\" srcset=\"https:\/\/lovisa-paysagiste-macon.fr\/wp-content\/uploads\/2018\/05\/P1640619-300x200.jpg 300w, https:\/\/lovisa-paysagiste-macon.fr\/wp-content\/uploads\/2018\/05\/P1640619-768x512.jpg 768w, https:\/\/lovisa-paysagiste-macon.fr\/wp-content\/uploads\/2018\/05\/P1640619-1024x683.jpg 1024w\" sizes=\"auto, (max-width: 300px) 100vw, 300px\" \/><figcaption id=\"caption-attachment-256\" class=\"wp-caption-text\">paysagiste \u00e0 Vergisson (71)<\/figcaption><\/figure>\n<p><strong>Lovisa Paysagiste Vergisson\u00a0 <\/strong>entretien votre jardin sur Vergisson, Solutr\u00e9, Davay\u00e9,fuiss\u00e9,pouilly et sa r\u00e9gion.\u00a0 Sp\u00e9cialiste des l&rsquo;espaces verts et de l\u2019entretien de Jardin elle vous fait b\u00e9n\u00e9ficier de son agr\u00e9ment \u00ab\u00a0service \u00e0 la personne\u00a0\u00bb qui vous permet\u00a0 d\u2019avoir droit \u00e0 un cr\u00e9dit d\u2019imp\u00f4t de 50 % sur toute la partie entretien ( Tontes , taille de haies , d\u00e9sherbage , tailles d\u2019arbustes , etc\u2026..)<\/p>\n<p>L\u2019entreprise <strong>Lovisa paysagiste Vergisson<\/strong> et son \u00e9quipe de jardiniers sont agr\u00e9es service \u00e0 la personne \/ num\u00e9ro de dossier : N\/240511\/F\/071\/S\/030 .<\/p>\n<p>elle est \u00e9galement membre de l\u2019<strong>UNEP<\/strong> (union nationale des entreprises du paysage ) et poss\u00e8de le label \u00ab\u00a0Expert jardins\u00a0\u00bb .<\/p>\n<p><img loading=\"lazy\" decoding=\"async\" class=\"alignnone wp-image-294 size-medium\" title=\"Paysagiste Vergisson unep\" src=\"https:\/\/lovisa-paysagiste-macon.fr\/wp-content\/uploads\/2018\/05\/unep-300x96.png\" alt=\"Paysagiste Vergisson unep\" width=\"300\" height=\"96\" srcset=\"https:\/\/lovisa-paysagiste-macon.fr\/wp-content\/uploads\/2018\/05\/unep-300x96.png 300w, https:\/\/lovisa-paysagiste-macon.fr\/wp-content\/uploads\/2018\/05\/unep.png 398w\" sizes=\"auto, (max-width: 300px) 100vw, 300px\" \/><\/p>\n<p>&nbsp;<\/p>\n<p>Pour tous renseignements : 06 99 00 88 41 \/ Vergisson 71960<\/p>\n<p>&nbsp;<\/p>\n<p><a href=\"https:\/\/lovisa-paysagiste-macon.fr\/index.php\/paysagiste-macon\/\">Paysagiste M\u00e2con<\/a><\/p>\n<p><a href=\"https:\/\/lovisa-paysagiste-macon.fr\/index.php\/paysagiste-charnay\/\">Paysagiste Charnay les M\u00e2con<\/a><\/p>\n<p><a href=\"https:\/\/lovisa-paysagiste-macon.fr\/index.php\/paysagiste-cluny\/\">Paysagiste Cluny<\/a><\/p>\n<p><a href=\"https:\/\/lovisa-paysagiste-macon.fr\/index.php\/paysagiste-prisse\/\">Paysagiste Priss\u00e9<\/a><\/p>\n<p><a href=\"https:\/\/lovisa-paysagiste-macon.fr\/index.php\/paysagiste-hurigny\/\">Paysagiste hurigny<\/a><\/p>\n<p><a href=\"https:\/\/lovisa-paysagiste-macon.fr\/index.php\/paysagiste-roche-vineuse\/\">Paysagiste Roche Vineuse<\/a><\/p>\n<p><a href=\"https:\/\/lovisa-paysagiste-macon.fr\/index.php\/paysagiste-creches-sur-saone\/\">Paysagiste Cr\u00eaches sur Sa\u00f4ne<\/a><\/p>\n<p><a href=\"https:\/\/lovisa-paysagiste-macon.fr\/index.php\/paysagiste-ige\/\">Paysagiste Ig\u00e9<\/a><\/p>\n<p><a href=\"https:\/\/lovisa-paysagiste-macon.fr\/index.php\/paysagiste-solutre\/\">Paysagiste Solutr\u00e9<\/a><\/p>\n<p><a href=\"https:\/\/lovisa-paysagiste-macon.fr\/index.php\/paysagiste-davaye\/\">Paysagiste Davay\u00e9<\/a><\/p>\n<p>&nbsp;<\/p>\n<p>&nbsp;<\/p>\n<p style=\"text-align: center;\"><a href=\"https:\/\/lovisa-paysagiste-macon.fr\/\">Accueil<\/a><\/p>\n","protected":false},"excerpt":{"rendered":"<p>Lovisa Paysagiste Vergisson\u00a0 entretien votre jardin sur Vergisson, Solutr\u00e9, Davay\u00e9,fuiss\u00e9,pouilly et sa r\u00e9gion.\u00a0 Sp\u00e9cialiste des l&rsquo;espaces verts et de l\u2019entretien de Jardin elle vous fait b\u00e9n\u00e9ficier de son agr\u00e9ment \u00ab\u00a0service \u00e0 la personne\u00a0\u00bb qui vous permet\u00a0 d\u2019avoir droit \u00e0 un cr\u00e9dit d\u2019imp\u00f4t de 50 % sur toute la partie entretien ( Tontes , taille de<span class=\"read-more-wrap\"><a class=\"moretag\" href=\"https:\/\/lovisa-paysagiste-macon.fr\/index.php\/paysagiste-vergisson\/\">Lire la suite<span class=\"screen-reader-text\">Paysagiste Vergisson<\/span><\/a><\/span><\/p>\n","protected":false},"author":1,"featured_media":0,"parent":0,"menu_order":0,"comment_status":"closed","ping_status":"closed","template":"","meta":{"footnotes":""},"class_list":["post-255","page","type-page","status-publish","hentry"],"aioseo_notices":[],"_links":{"self":[{"href":"https:\/\/lovisa-paysagiste-macon.fr\/index.php\/wp-json\/wp\/v2\/pages\/255","targetHints":{"allow":["GET"]}}],"collection":[{"href":"https:\/\/lovisa-paysagiste-macon.fr\/index.php\/wp-json\/wp\/v2\/pages"}],"about":[{"href":"https:\/\/lovisa-paysagiste-macon.fr\/index.php\/wp-json\/wp\/v2\/types\/page"}],"author":[{"embeddable":true,"href":"https:\/\/lovisa-paysagiste-macon.fr\/index.php\/wp-json\/wp\/v2\/users\/1"}],"replies":[{"embeddable":true,"href":"https:\/\/lovisa-paysagiste-macon.fr\/index.php\/wp-json\/wp\/v2\/comments?post=255"}],"version-history":[{"count":15,"href":"https:\/\/lovisa-paysagiste-macon.fr\/index.php\/wp-json\/wp\/v2\/pages\/255\/revisions"}],"predecessor-version":[{"id":1108,"href":"https:\/\/lovisa-paysagiste-macon.fr\/index.php\/wp-json\/wp\/v2\/pages\/255\/revisions\/1108"}],"wp:attachment":[{"href":"https:\/\/lovisa-paysagiste-macon.fr\/index.php\/wp-json\/wp\/v2\/media?parent=255"}],"curies":[{"name":"wp","href":"https:\/\/api.w.org\/{rel}","templated":true}]}}

<figure id="attachment_256" aria-describedby="caption-attachment-256" style="width: 300px" class="wp-caption alignnone"><img loading="lazy" decoding="async" class="wp-image-256 size-medium" title="paysagiste vergisson " src="https://lovisa-paysagiste-macon.fr/wp-content/uploads/2018/05/P1640619-300x200.jpg" alt="paysagiste vergisson" width="300" height="200" srcset="https://lovisa-paysagiste-macon.fr/wp-content/uploads/2018/05/P1640619-300x200.jpg 300w, https://lovisa-paysagiste-macon.fr/wp-content/uploads/2018/05/P1640619-768x512.jpg 768w, https://lovisa-paysagiste-macon.fr/wp-content/uploads/2018/05/P1640619-1024x683.jpg 1024w" sizes="auto, (max-width: 300px) 100vw, 300px" /><figcaption id="caption-attachment-256" class="wp-caption-text">paysagiste à Vergisson (71)</figcaption></figure>
<p><strong>Lovisa Paysagiste Vergisson  </strong>entretien votre jardin sur Vergisson, Solutré, Davayé,fuissé,pouilly et sa région.  Spécialiste des l&rsquo;espaces verts et de l’entretien de Jardin elle vous fait bénéficier de son agrément « service à la personne » qui vous permet  d’avoir droit à un crédit d’impôt de 50 % sur toute la partie entretien ( Tontes , taille de haies , désherbage , tailles d’arbustes , etc…..)</p>
<p>L’entreprise <strong>Lovisa paysagiste Vergisson</strong> et son équipe de jardiniers sont agrées service à la personne / numéro de dossier : N/240511/F/071/S/030 .</p>
<p>elle est également membre de l’<strong>UNEP</strong> (union nationale des entreprises du paysage ) et possède le label « Expert jardins » .</p>
<p><img loading="lazy" decoding="async" class="alignnone wp-image-294 size-medium" title="Paysagiste Vergisson unep" src="https://lovisa-paysagiste-macon.fr/wp-content/uploads/2018/05/unep-300x96.png" alt="Paysagiste Vergisson unep" width="300" height="96" srcset="https://lovisa-paysagiste-macon.fr/wp-content/uploads/2018/05/unep-300x96.png 300w, https://lovisa-paysagiste-macon.fr/wp-content/uploads/2018/05/unep.png 398w" sizes="auto, (max-width: 300px) 100vw, 300px" /></p>
<p>&nbsp;</p>
<p>Pour tous renseignements : 06 99 00 88 41 / Vergisson 71960</p>
<p>&nbsp;</p>
<p><a href="https://lovisa-paysagiste-macon.fr/index.php/paysagiste-macon/">Paysagiste Mâcon</a></p>
<p><a href="https://lovisa-paysagiste-macon.fr/index.php/paysagiste-charnay/">Paysagiste Charnay les Mâcon</a></p>
<p><a href="https://lovisa-paysagiste-macon.fr/index.php/paysagiste-cluny/">Paysagiste Cluny</a></p>
<p><a href="https://lovisa-paysagiste-macon.fr/index.php/paysagiste-prisse/">Paysagiste Prissé</a></p>
<p><a href="https://lovisa-paysagiste-macon.fr/index.php/paysagiste-hurigny/">Paysagiste hurigny</a></p>
<p><a href="https://lovisa-paysagiste-macon.fr/index.php/paysagiste-roche-vineuse/">Paysagiste Roche Vineuse</a></p>
<p><a href="https://lovisa-paysagiste-macon.fr/index.php/paysagiste-creches-sur-saone/">Paysagiste Crêches sur Saône</a></p>
<p><a href="https://lovisa-paysagiste-macon.fr/index.php/paysagiste-ige/">Paysagiste Igé</a></p>
<p><a href="https://lovisa-paysagiste-macon.fr/index.php/paysagiste-solutre/">Paysagiste Solutré</a></p>
<p><a href="https://lovisa-paysagiste-macon.fr/index.php/paysagiste-davaye/">Paysagiste Davayé</a></p>
<p>&nbsp;</p>
<p>&nbsp;</p>
<p style="text-align: center;"><a href="https://lovisa-paysagiste-macon.fr/">Accueil</a></p>

<p>Lovisa Paysagiste Vergisson  entretien votre jardin sur Vergisson, Solutré, Davayé,fuissé,pouilly et sa région.  Spécialiste des l&rsquo;espaces verts et de l’entretien de Jardin elle vous fait bénéficier de son agrément « service à la personne » qui vous permet  d’avoir droit à un crédit d’impôt de 50 % sur toute la partie entretien ( Tontes , taille de<span class="read-more-wrap"><a class="moretag" href="https://lovisa-paysagiste-macon.fr/index.php/paysagiste-vergisson/">Lire la suite<span class="screen-reader-text">Paysagiste Vergisson</span></a></span></p>
