{"id":363,"date":"2018-05-17T17:51:37","date_gmt":"2018-05-17T17:51:37","guid":{"rendered":"https:\/\/lovisa-paysagiste-macon.fr\/?page_id=363"},"modified":"2018-07-25T10:18:46","modified_gmt":"2018-07-25T10:18:46","slug":"paysagiste-bussieres","status":"publish","type":"page","link":"https:\/\/lovisa-paysagiste-macon.fr\/index.php\/paysagiste-bussieres\/","title":{"rendered":"Paysagiste Bussi\u00e8res"},"content":{"rendered":"<p><img loading=\"lazy\" decoding=\"async\" class=\"alignnone wp-image-364\" title=\"paysagiste Bussi\u00e8res\" src=\"https:\/\/lovisa-paysagiste-macon.fr\/wp-content\/uploads\/2018\/05\/P1670196-001-copie-300x178.jpg\" alt=\"paysagiste Bussi\u00e8res\" width=\"386\" height=\"229\" srcset=\"https:\/\/lovisa-paysagiste-macon.fr\/wp-content\/uploads\/2018\/05\/P1670196-001-copie-300x178.jpg 300w, https:\/\/lovisa-paysagiste-macon.fr\/wp-content\/uploads\/2018\/05\/P1670196-001-copie-768x456.jpg 768w, https:\/\/lovisa-paysagiste-macon.fr\/wp-content\/uploads\/2018\/05\/P1670196-001-copie-1024x608.jpg 1024w\" sizes=\"auto, (max-width: 386px) 100vw, 386px\" \/><\/p>\n<h2><span style=\"font-size: 14pt;\">Un paysagiste \u00e0 Bussi\u00e8res dans le 71 pr\u00e8s de M\u00e2con<\/span><\/h2>\n<p><strong>Lovisa Paysagiste Bussi\u00e8res <\/strong>\u00a0 entretien votre jardin sur Serri\u00e8res, Pierreclos, M\u00e2con ,Creches sur Sa\u00f4ne,Cenves\u00a0 et sa r\u00e9gion.\u00a0 Sp\u00e9cialiste de l\u2019entretien de Jardin elle vous fait b\u00e9n\u00e9ficier de son agr\u00e9ment \u00ab\u00a0service \u00e0 la personne\u00a0\u00bb qui vous permet\u00a0 d\u2019avoir droit \u00e0 un cr\u00e9dit d\u2019imp\u00f4t de 50 % sur toute la partie\u00a0 entretien ( Tontes , taille de haies , d\u00e9sherbage , tailles d\u2019arbustes , etc\u2026..)<\/p>\n<p>L\u2019entreprise <strong>Lovisa paysagiste Bussieres<\/strong> et son \u00e9quipe de jardiniers sont agr\u00e9es service \u00e0 la personne \/ num\u00e9ro de dossier : N\/240511\/F\/071\/S\/030 .<\/p>\n<p>elle est \u00e9galement membre de l\u2019<strong>UNEP<\/strong> (union nationale des entreprises du paysage ) et poss\u00e8de le label \u00ab\u00a0Expert jardins\u00a0\u00bb .<\/p>\n<p>&nbsp;<\/p>\n<p>Les prestations Sont d\u00e9ductibles fiscalement sous la forme d&rsquo;une r\u00e9duction ou d&rsquo;un cr\u00e9dit d&rsquo;imp\u00f4t de 50% dans la limite d&rsquo;un plafond de 5000 \u20ac TTC de d\u00e9penses engag\u00e9es par an et par foyer fiscal, soit la possibilit\u00e9 d&rsquo;\u00e9conomiser jusqu\u2019\u00e0 2500\u20ac \/an .<\/p>\n<p>&nbsp;<\/p>\n<p>Pour tous renseignements : 06 99 00 88 41 \/ Bussieres 71960<\/p>\n<p>&nbsp;<\/p>\n<p><img loading=\"lazy\" decoding=\"async\" class=\"alignnone wp-image-294 size-medium\" title=\"Paysagiste Bussi\u00e8res unep\" src=\"https:\/\/lovisa-paysagiste-macon.fr\/wp-content\/uploads\/2018\/05\/unep-300x96.png\" alt=\"Paysagiste Bussi\u00e8res unep\" width=\"300\" height=\"96\" srcset=\"https:\/\/lovisa-paysagiste-macon.fr\/wp-content\/uploads\/2018\/05\/unep-300x96.png 300w, https:\/\/lovisa-paysagiste-macon.fr\/wp-content\/uploads\/2018\/05\/unep.png 398w\" sizes=\"auto, (max-width: 300px) 100vw, 300px\" \/><\/p>\n<p>&nbsp;<\/p>\n<p><a href=\"https:\/\/lovisa-paysagiste-macon.fr\/index.php\/paysagiste-macon\/\">Paysagiste M\u00e2con <\/a><\/p>\n<p><a href=\"https:\/\/lovisa-paysagiste-macon.fr\/index.php\/paysagiste-charnay\/\">Paysagiste Charnay les M\u00e2con<\/a><\/p>\n<p><a href=\"https:\/\/lovisa-paysagiste-macon.fr\/index.php\/paysagiste-cluny\/\">Paysagiste Cluny<\/a><\/p>\n<p><a href=\"https:\/\/lovisa-paysagiste-macon.fr\/index.php\/paysagiste-prisse\/\">Paysagiste Priss\u00e9<\/a><\/p>\n<p><a href=\"https:\/\/lovisa-paysagiste-macon.fr\/index.php\/paysagiste-hurigny\/\">Paysagiste hurigny<\/a><\/p>\n<p><a href=\"https:\/\/lovisa-paysagiste-macon.fr\/index.php\/paysagiste-roche-vineuse\/\">Paysagiste Roche Vineuse<\/a><\/p>\n<p><a href=\"https:\/\/lovisa-paysagiste-macon.fr\/index.php\/paysagiste-creches-sur-saone\/\">Paysagiste Cr\u00eaches sur Sa\u00f4ne<\/a><\/p>\n<p><a href=\"https:\/\/lovisa-paysagiste-macon.fr\/index.php\/paysagiste-ige\/\">Paysagiste Ig\u00e9<\/a><\/p>\n<p><a href=\"https:\/\/lovisa-paysagiste-macon.fr\/index.php\/paysagiste-vergisson\/\">Paysagiste vergisson<\/a><\/p>\n<p><a href=\"https:\/\/lovisa-paysagiste-macon.fr\/index.php\/paysagiste-solutre\/\">Paysagiste Solutr\u00e9<\/a><\/p>\n<p><a href=\"https:\/\/lovisa-paysagiste-macon.fr\/index.php\/paysagiste-davaye\/\">Paysagiste Davay\u00e9<\/a><\/p>\n<p>&nbsp;<\/p>\n<div class=\"llorix-one-lite-video-container\">\n<blockquote class=\"wp-embedded-content\" data-secret=\"1Lk7QSN8sW\"><p><a href=\"https:\/\/lovisa-paysagiste-macon.fr\/\">Accueil<\/a><\/p><\/blockquote>\n<p><iframe loading=\"lazy\" class=\"wp-embedded-content\" sandbox=\"allow-scripts\" security=\"restricted\" style=\"position: absolute; clip: rect(1px, 1px, 1px, 1px);\" src=\"https:\/\/lovisa-paysagiste-macon.fr\/embed\/#?secret=1Lk7QSN8sW\" data-secret=\"1Lk7QSN8sW\" width=\"600\" height=\"338\" title=\"\u00ab\u00a0Accueil\u00a0\u00bb &#8212; Lovisa Paysagiste M\u00e2con\" frameborder=\"0\" marginwidth=\"0\" marginheight=\"0\" scrolling=\"no\"><\/iframe><\/div>\n<p>&nbsp;<\/p>\n<p>&nbsp;<\/p>\n","protected":false},"excerpt":{"rendered":"<p>Un paysagiste \u00e0 Bussi\u00e8res dans le 71 pr\u00e8s de M\u00e2con Lovisa Paysagiste Bussi\u00e8res \u00a0 entretien votre jardin sur Serri\u00e8res, Pierreclos, M\u00e2con ,Creches sur Sa\u00f4ne,Cenves\u00a0 et sa r\u00e9gion.\u00a0 Sp\u00e9cialiste de l\u2019entretien de Jardin elle vous fait b\u00e9n\u00e9ficier de son agr\u00e9ment \u00ab\u00a0service \u00e0 la personne\u00a0\u00bb qui vous permet\u00a0 d\u2019avoir droit \u00e0 un cr\u00e9dit d\u2019imp\u00f4t de 50 %<span class=\"read-more-wrap\"><a class=\"moretag\" href=\"https:\/\/lovisa-paysagiste-macon.fr\/index.php\/paysagiste-bussieres\/\">Lire la suite<span class=\"screen-reader-text\">Paysagiste Bussi\u00e8res<\/span><\/a><\/span><\/p>\n","protected":false},"author":1,"featured_media":0,"parent":0,"menu_order":0,"comment_status":"closed","ping_status":"closed","template":"","meta":{"footnotes":""},"class_list":["post-363","page","type-page","status-publish","hentry"],"aioseo_notices":[],"_links":{"self":[{"href":"https:\/\/lovisa-paysagiste-macon.fr\/index.php\/wp-json\/wp\/v2\/pages\/363","targetHints":{"allow":["GET"]}}],"collection":[{"href":"https:\/\/lovisa-paysagiste-macon.fr\/index.php\/wp-json\/wp\/v2\/pages"}],"about":[{"href":"https:\/\/lovisa-paysagiste-macon.fr\/index.php\/wp-json\/wp\/v2\/types\/page"}],"author":[{"embeddable":true,"href":"https:\/\/lovisa-paysagiste-macon.fr\/index.php\/wp-json\/wp\/v2\/users\/1"}],"replies":[{"embeddable":true,"href":"https:\/\/lovisa-paysagiste-macon.fr\/index.php\/wp-json\/wp\/v2\/comments?post=363"}],"version-history":[{"count":9,"href":"https:\/\/lovisa-paysagiste-macon.fr\/index.php\/wp-json\/wp\/v2\/pages\/363\/revisions"}],"predecessor-version":[{"id":975,"href":"https:\/\/lovisa-paysagiste-macon.fr\/index.php\/wp-json\/wp\/v2\/pages\/363\/revisions\/975"}],"wp:attachment":[{"href":"https:\/\/lovisa-paysagiste-macon.fr\/index.php\/wp-json\/wp\/v2\/media?parent=363"}],"curies":[{"name":"wp","href":"https:\/\/api.w.org\/{rel}","templated":true}]}}

Paysagiste Bussières

<p><img loading="lazy" decoding="async" class="alignnone wp-image-364" title="paysagiste Bussières" src="https://lovisa-paysagiste-macon.fr/wp-content/uploads/2018/05/P1670196-001-copie-300x178.jpg" alt="paysagiste Bussières" width="386" height="229" srcset="https://lovisa-paysagiste-macon.fr/wp-content/uploads/2018/05/P1670196-001-copie-300x178.jpg 300w, https://lovisa-paysagiste-macon.fr/wp-content/uploads/2018/05/P1670196-001-copie-768x456.jpg 768w, https://lovisa-paysagiste-macon.fr/wp-content/uploads/2018/05/P1670196-001-copie-1024x608.jpg 1024w" sizes="auto, (max-width: 386px) 100vw, 386px" /></p>
<h2><span style="font-size: 14pt;">Un paysagiste à Bussières dans le 71 près de Mâcon</span></h2>
<p><strong>Lovisa Paysagiste Bussières </strong>  entretien votre jardin sur Serrières, Pierreclos, Mâcon ,Creches sur Saône,Cenves  et sa région.  Spécialiste de l’entretien de Jardin elle vous fait bénéficier de son agrément « service à la personne » qui vous permet  d’avoir droit à un crédit d’impôt de 50 % sur toute la partie  entretien ( Tontes , taille de haies , désherbage , tailles d’arbustes , etc…..)</p>
<p>L’entreprise <strong>Lovisa paysagiste Bussieres</strong> et son équipe de jardiniers sont agrées service à la personne / numéro de dossier : N/240511/F/071/S/030 .</p>
<p>elle est également membre de l’<strong>UNEP</strong> (union nationale des entreprises du paysage ) et possède le label « Expert jardins » .</p>
<p>&nbsp;</p>
<p>Les prestations Sont déductibles fiscalement sous la forme d&rsquo;une réduction ou d&rsquo;un crédit d&rsquo;impôt de 50% dans la limite d&rsquo;un plafond de 5000 € TTC de dépenses engagées par an et par foyer fiscal, soit la possibilité d&rsquo;économiser jusqu’à 2500€ /an .</p>
<p>&nbsp;</p>
<p>Pour tous renseignements : 06 99 00 88 41 / Bussieres 71960</p>
<p>&nbsp;</p>
<p><img loading="lazy" decoding="async" class="alignnone wp-image-294 size-medium" title="Paysagiste Bussières unep" src="https://lovisa-paysagiste-macon.fr/wp-content/uploads/2018/05/unep-300x96.png" alt="Paysagiste Bussières unep" width="300" height="96" srcset="https://lovisa-paysagiste-macon.fr/wp-content/uploads/2018/05/unep-300x96.png 300w, https://lovisa-paysagiste-macon.fr/wp-content/uploads/2018/05/unep.png 398w" sizes="auto, (max-width: 300px) 100vw, 300px" /></p>
<p>&nbsp;</p>
<p><a href="https://lovisa-paysagiste-macon.fr/index.php/paysagiste-macon/">Paysagiste Mâcon </a></p>
<p><a href="https://lovisa-paysagiste-macon.fr/index.php/paysagiste-charnay/">Paysagiste Charnay les Mâcon</a></p>
<p><a href="https://lovisa-paysagiste-macon.fr/index.php/paysagiste-cluny/">Paysagiste Cluny</a></p>
<p><a href="https://lovisa-paysagiste-macon.fr/index.php/paysagiste-prisse/">Paysagiste Prissé</a></p>
<p><a href="https://lovisa-paysagiste-macon.fr/index.php/paysagiste-hurigny/">Paysagiste hurigny</a></p>
<p><a href="https://lovisa-paysagiste-macon.fr/index.php/paysagiste-roche-vineuse/">Paysagiste Roche Vineuse</a></p>
<p><a href="https://lovisa-paysagiste-macon.fr/index.php/paysagiste-creches-sur-saone/">Paysagiste Crêches sur Saône</a></p>
<p><a href="https://lovisa-paysagiste-macon.fr/index.php/paysagiste-ige/">Paysagiste Igé</a></p>
<p><a href="https://lovisa-paysagiste-macon.fr/index.php/paysagiste-vergisson/">Paysagiste vergisson</a></p>
<p><a href="https://lovisa-paysagiste-macon.fr/index.php/paysagiste-solutre/">Paysagiste Solutré</a></p>
<p><a href="https://lovisa-paysagiste-macon.fr/index.php/paysagiste-davaye/">Paysagiste Davayé</a></p>
<p>&nbsp;</p>
<div class="llorix-one-lite-video-container">
<blockquote class="wp-embedded-content" data-secret="1Lk7QSN8sW"><p><a href="https://lovisa-paysagiste-macon.fr/">Accueil</a></p></blockquote>
<p><iframe loading="lazy" class="wp-embedded-content" sandbox="allow-scripts" security="restricted" style="position: absolute; clip: rect(1px, 1px, 1px, 1px);" src="https://lovisa-paysagiste-macon.fr/embed/#?secret=1Lk7QSN8sW" data-secret="1Lk7QSN8sW" width="600" height="338" title="« Accueil » &#8212; Lovisa Paysagiste Mâcon" frameborder="0" marginwidth="0" marginheight="0" scrolling="no"></iframe></div>
<p>&nbsp;</p>
<p>&nbsp;</p>

<p>Un paysagiste à Bussières dans le 71 près de Mâcon Lovisa Paysagiste Bussières   entretien votre jardin sur Serrières, Pierreclos, Mâcon ,Creches sur Saône,Cenves  et sa région.  Spécialiste de l’entretien de Jardin elle vous fait bénéficier de son agrément « service à la personne » qui vous permet  d’avoir droit à un crédit d’impôt de 50 %<span class="read-more-wrap"><a class="moretag" href="https://lovisa-paysagiste-macon.fr/index.php/paysagiste-bussieres/">Lire la suite<span class="screen-reader-text">Paysagiste Bussières</span></a></span></p>
