{"id":704,"date":"2018-06-15T09:40:07","date_gmt":"2018-06-15T09:40:07","guid":{"rendered":"https:\/\/lovisa-paysagiste-macon.fr\/?page_id=704"},"modified":"2018-06-24T10:54:58","modified_gmt":"2018-06-24T10:54:58","slug":"capa-travaux-paysagers","status":"publish","type":"page","link":"https:\/\/lovisa-paysagiste-macon.fr\/index.php\/capa-travaux-paysagers\/","title":{"rendered":"CAPA travaux paysagers"},"content":{"rendered":"<p><img loading=\"lazy\" decoding=\"async\" class=\"alignnone wp-image-705 size-medium\" title=\"CAPA travaux paysager\" src=\"https:\/\/lovisa-paysagiste-macon.fr\/wp-content\/uploads\/2018\/06\/CAPA-travaux-paysager-M\u00e2con-300x201.jpg\" alt=\"CAPA travaux paysager\" width=\"300\" height=\"201\" srcset=\"https:\/\/lovisa-paysagiste-macon.fr\/wp-content\/uploads\/2018\/06\/CAPA-travaux-paysager-M\u00e2con-300x201.jpg 300w, https:\/\/lovisa-paysagiste-macon.fr\/wp-content\/uploads\/2018\/06\/CAPA-travaux-paysager-M\u00e2con.jpg 564w\" sizes=\"auto, (max-width: 300px) 100vw, 300px\" \/><\/p>\n<p>Lovisa Paysagiste M\u00e2con recherche pour septembre un jeune volontaire et int\u00e9ress\u00e9 de 15, 16 ans pour un CAPA (CAP) en travaux paysagers (CFA St Marcel) .<\/p>\n<p>pour tout renseignement tel au 06 99 00 88 41<\/p>\n<p><img loading=\"lazy\" decoding=\"async\" class=\"alignnone size-medium wp-image-294\" src=\"https:\/\/lovisa-paysagiste-macon.fr\/wp-content\/uploads\/2018\/05\/unep-300x96.png\" alt=\"Paysagiste Pierreclos unep\" width=\"300\" height=\"96\" srcset=\"https:\/\/lovisa-paysagiste-macon.fr\/wp-content\/uploads\/2018\/05\/unep-300x96.png 300w, https:\/\/lovisa-paysagiste-macon.fr\/wp-content\/uploads\/2018\/05\/unep.png 398w\" sizes=\"auto, (max-width: 300px) 100vw, 300px\" \/><\/p>\n<p style=\"text-align: center;\"><a href=\"https:\/\/lovisa-paysagiste-macon.fr\/\">Accueil<\/a><\/p>\n","protected":false},"excerpt":{"rendered":"<p>Lovisa Paysagiste M\u00e2con recherche pour septembre un jeune volontaire et int\u00e9ress\u00e9 de 15, 16 ans pour un CAPA (CAP) en travaux paysagers (CFA St Marcel) . pour tout renseignement tel au 06 99 00 88 41 Accueil<\/p>\n","protected":false},"author":1,"featured_media":0,"parent":0,"menu_order":0,"comment_status":"closed","ping_status":"closed","template":"","meta":{"footnotes":""},"class_list":["post-704","page","type-page","status-publish","hentry"],"aioseo_notices":[],"_links":{"self":[{"href":"https:\/\/lovisa-paysagiste-macon.fr\/index.php\/wp-json\/wp\/v2\/pages\/704","targetHints":{"allow":["GET"]}}],"collection":[{"href":"https:\/\/lovisa-paysagiste-macon.fr\/index.php\/wp-json\/wp\/v2\/pages"}],"about":[{"href":"https:\/\/lovisa-paysagiste-macon.fr\/index.php\/wp-json\/wp\/v2\/types\/page"}],"author":[{"embeddable":true,"href":"https:\/\/lovisa-paysagiste-macon.fr\/index.php\/wp-json\/wp\/v2\/users\/1"}],"replies":[{"embeddable":true,"href":"https:\/\/lovisa-paysagiste-macon.fr\/index.php\/wp-json\/wp\/v2\/comments?post=704"}],"version-history":[{"count":3,"href":"https:\/\/lovisa-paysagiste-macon.fr\/index.php\/wp-json\/wp\/v2\/pages\/704\/revisions"}],"predecessor-version":[{"id":776,"href":"https:\/\/lovisa-paysagiste-macon.fr\/index.php\/wp-json\/wp\/v2\/pages\/704\/revisions\/776"}],"wp:attachment":[{"href":"https:\/\/lovisa-paysagiste-macon.fr\/index.php\/wp-json\/wp\/v2\/media?parent=704"}],"curies":[{"name":"wp","href":"https:\/\/api.w.org\/{rel}","templated":true}]}}