{"id":720,"date":"2018-06-16T15:39:37","date_gmt":"2018-06-16T15:39:37","guid":{"rendered":"https:\/\/lovisa-paysagiste-macon.fr\/?page_id=720"},"modified":"2018-07-28T09:50:59","modified_gmt":"2018-07-28T09:50:59","slug":"espaces-verts-macon","status":"publish","type":"page","link":"https:\/\/lovisa-paysagiste-macon.fr\/index.php\/espaces-verts-macon\/","title":{"rendered":"Espaces verts M\u00e2con"},"content":{"rendered":"<p><img loading=\"lazy\" decoding=\"async\" class=\"wp-image-717 size-medium\" title=\"Espaces verts M\u00e2con\" src=\"https:\/\/lovisa-paysagiste-macon.fr\/wp-content\/uploads\/2018\/06\/Jardinier-300x225.jpg\" alt=\"Espaces verts M\u00e2con\" width=\"300\" height=\"225\" srcset=\"https:\/\/lovisa-paysagiste-macon.fr\/wp-content\/uploads\/2018\/06\/Jardinier-300x225.jpg 300w, https:\/\/lovisa-paysagiste-macon.fr\/wp-content\/uploads\/2018\/06\/Jardinier.jpg 564w\" sizes=\"auto, (max-width: 300px) 100vw, 300px\" \/><\/p>\n<p>&nbsp;<\/p>\n<h2><span style=\"font-size: 14pt; color: #003300;\">Espaces verts \u00e0 M\u00e2con<\/span><\/h2>\n<p>Bienvenue sur le site de l\u2019entreprise <strong>Lovisa Espaces verts\u00a0 m\u00e2con<\/strong> le sp\u00e9cialiste en Sa\u00f4ne et Loire (71)\u00a0 des espaces verts avec cr\u00e9dit d\u2019imp\u00f4t. Nos services\u00a0 vous permettent de b\u00e9n\u00e9ficier de notre agr\u00e9ment service \u00e0 la personne sur tout le petit entretien de jardin .: Tonte, taille de haie, d\u00e9sherbage,taille d\u2019arbustes, d\u00e9broussaillage,etc\u2026.<\/p>\n<p><img loading=\"lazy\" decoding=\"async\" class=\"alignnone wp-image-294 size-medium\" title=\"Espaces verts M\u00e2con\" src=\"https:\/\/lovisa-paysagiste-macon.fr\/wp-content\/uploads\/2018\/05\/unep-300x96.png\" alt=\"Espaces verts M\u00e2con\" width=\"300\" height=\"96\" srcset=\"https:\/\/lovisa-paysagiste-macon.fr\/wp-content\/uploads\/2018\/05\/unep-300x96.png 300w, https:\/\/lovisa-paysagiste-macon.fr\/wp-content\/uploads\/2018\/05\/unep.png 398w\" sizes=\"auto, (max-width: 300px) 100vw, 300px\" \/><\/p>\n<p>&nbsp;<\/p>\n<p><a href=\"https:\/\/lovisa-paysagiste-macon.fr\/index.php\/paysagiste-macon\/\">Paysagiste M\u00e2con <\/a><\/p>\n<p><a href=\"https:\/\/lovisa-paysagiste-macon.fr\/index.php\/paysagiste-charnay\/\">Paysagiste Charnay les M\u00e2con<\/a><\/p>\n<p><a href=\"https:\/\/lovisa-paysagiste-macon.fr\/index.php\/paysagiste-cluny\/\">Paysagiste Cluny<\/a><\/p>\n<p><a href=\"https:\/\/lovisa-paysagiste-macon.fr\/index.php\/paysagiste-prisse\/\">Paysagiste Priss\u00e9<\/a><\/p>\n<p><a href=\"https:\/\/lovisa-paysagiste-macon.fr\/index.php\/paysagiste-hurigny\/\">Paysagiste hurigny<\/a><\/p>\n<p><a href=\"https:\/\/lovisa-paysagiste-macon.fr\/index.php\/paysagiste-roche-vineuse\/\">Paysagiste Roche Vineuse<\/a><\/p>\n<p><a href=\"https:\/\/lovisa-paysagiste-macon.fr\/index.php\/paysagiste-creches-sur-saone\/\">Paysagiste Cr\u00eaches sur Sa\u00f4ne<\/a><\/p>\n<p><a href=\"https:\/\/lovisa-paysagiste-macon.fr\/index.php\/paysagiste-ige\/\">Paysagiste Ig\u00e9<\/a><\/p>\n<p><a href=\"https:\/\/lovisa-paysagiste-macon.fr\/index.php\/paysagiste-vergisson\/\">Paysagiste vergisson<\/a><\/p>\n<p><a href=\"https:\/\/lovisa-paysagiste-macon.fr\/index.php\/paysagiste-solutre\/\">Paysagiste Solutr\u00e9<\/a><\/p>\n<p><a href=\"https:\/\/lovisa-paysagiste-macon.fr\/index.php\/paysagiste-davaye\/\">Paysagiste Davay\u00e9<\/a><\/p>\n<p>&nbsp;<\/p>\n<p>&nbsp;<\/p>\n<p style=\"text-align: center;\"><a href=\"https:\/\/lovisa-paysagiste-macon.fr\/\">Accueil<\/a><\/p>\n","protected":false},"excerpt":{"rendered":"<p>&nbsp; Espaces verts \u00e0 M\u00e2con Bienvenue sur le site de l\u2019entreprise Lovisa Espaces verts\u00a0 m\u00e2con le sp\u00e9cialiste en Sa\u00f4ne et Loire (71)\u00a0 des espaces verts avec cr\u00e9dit d\u2019imp\u00f4t. Nos services\u00a0 vous permettent de b\u00e9n\u00e9ficier de notre agr\u00e9ment service \u00e0 la personne sur tout le petit entretien de jardin .: Tonte, taille de haie, d\u00e9sherbage,taille d\u2019arbustes,<span class=\"read-more-wrap\"><a class=\"moretag\" href=\"https:\/\/lovisa-paysagiste-macon.fr\/index.php\/espaces-verts-macon\/\">Lire la suite<span class=\"screen-reader-text\">Espaces verts M\u00e2con<\/span><\/a><\/span><\/p>\n","protected":false},"author":1,"featured_media":0,"parent":0,"menu_order":0,"comment_status":"closed","ping_status":"closed","template":"","meta":{"footnotes":""},"class_list":["post-720","page","type-page","status-publish","hentry"],"aioseo_notices":[],"_links":{"self":[{"href":"https:\/\/lovisa-paysagiste-macon.fr\/index.php\/wp-json\/wp\/v2\/pages\/720","targetHints":{"allow":["GET"]}}],"collection":[{"href":"https:\/\/lovisa-paysagiste-macon.fr\/index.php\/wp-json\/wp\/v2\/pages"}],"about":[{"href":"https:\/\/lovisa-paysagiste-macon.fr\/index.php\/wp-json\/wp\/v2\/types\/page"}],"author":[{"embeddable":true,"href":"https:\/\/lovisa-paysagiste-macon.fr\/index.php\/wp-json\/wp\/v2\/users\/1"}],"replies":[{"embeddable":true,"href":"https:\/\/lovisa-paysagiste-macon.fr\/index.php\/wp-json\/wp\/v2\/comments?post=720"}],"version-history":[{"count":13,"href":"https:\/\/lovisa-paysagiste-macon.fr\/index.php\/wp-json\/wp\/v2\/pages\/720\/revisions"}],"predecessor-version":[{"id":1080,"href":"https:\/\/lovisa-paysagiste-macon.fr\/index.php\/wp-json\/wp\/v2\/pages\/720\/revisions\/1080"}],"wp:attachment":[{"href":"https:\/\/lovisa-paysagiste-macon.fr\/index.php\/wp-json\/wp\/v2\/media?parent=720"}],"curies":[{"name":"wp","href":"https:\/\/api.w.org\/{rel}","templated":true}]}}